{"id":47,"date":"2012-12-07T18:08:07","date_gmt":"2012-12-07T17:08:07","guid":{"rendered":"https:\/\/gramont.eu\/serwis-komputerowy\/?page_id=47"},"modified":"2013-01-21T15:41:07","modified_gmt":"2013-01-21T14:41:07","slug":"instalacja-systemow-operacyjnych","status":"publish","type":"page","link":"https:\/\/gramont.eu\/serwis-komputerowy\/instalacja-systemow-operacyjnych\/","title":{"rendered":"Instalacja system\u00f3w operacyjnych"},"content":{"rendered":"<p>Wdra\u017camy r\u00f3\u017cnego rodzaju systemy operacyjne &#8211; na zupe\u0142nie nowe komputery, jak i z zainstalowanym ju\u017c oprogramowaniem.<br \/>\nOferujemy instalacj\u0119<strong> dw\u00f3ch system\u00f3w na jednym komputerze<\/strong> oraz na maszynie wirtualnej.<br \/>\nNa \u017cyczenie przeprowadzamy r\u00f3wnie\u017c indywidualn\u0105 <strong>konfiguracj\u0119<\/strong> <em>\u015bwie\u017cego<\/em> <strong>systemu<\/strong>.<\/p>\n<ul>\n<li><strong>Instalujemy<\/strong> systemy z rodziny <strong>Windows<\/strong> oraz <strong>Linux<\/strong>. Wykonujemy <em>upgrade<\/em> lub <em>downgrade<\/em><br \/>\n(&#8222;downgrade&#8221; &#8211;\u00a0<strong>aktualizacja<\/strong> wstecz) &#8211; np. z <em>Windows 8<\/em> na <em>Windows 7<\/em>).<\/li>\n<li>Przeprowadzamy niezb\u0119dne <strong>aktualizacje<\/strong>, <strong>konfiguracje<\/strong>, w tym<strong> instalacje sterownik\u00f3w<\/strong>.<\/li>\n<li>Instalujemy na komputerach <strong>szereg niezb\u0119dnych aplikacji<\/strong> przystosowuj\u0105cy sprz\u0119t <strong>do pracy od razu<\/strong> po wykonaniu us\u0142ugi.<br \/>\n(wyposa\u017camy system w kodeki niezb\u0119dne do odtwarzania film\u00f3w, pakiety biurowe, czytniki plik\u00f3w pdf, przegl\u0105darki, itd.)<\/li>\n<li>Tworzymy r\u00f3wnie\u017c dyski recovery <strong>(przywracania systemu<\/strong>) umo\u017cliwiaj\u0105ce szybk\u0105 instalacj\u0119 systemu Windows w wypadku jego awarii.<\/li>\n<\/ul>\n<p><img loading=\"lazy\" decoding=\"async\" class=\"aligncenter\" alt=\"Linux i Windows\" src=\"https:\/\/gramont.eu\/serwis-komputerowy\/files\/2013\/01\/systemy-operacyjne.png\" width=\"700\" height=\"77\" \/><\/p>\n","protected":false},"excerpt":{"rendered":"<p>Wdra\u017camy r\u00f3\u017cnego rodzaju systemy operacyjne &#8211; na zupe\u0142nie nowe komputery, jak i z zainstalowanym ju\u017c oprogramowaniem. Oferujemy instalacj\u0119 dw\u00f3ch system\u00f3w na jednym komputerze oraz na maszynie wirtualnej. Na \u017cyczenie przeprowadzamy r\u00f3wnie\u017c indywidualn\u0105 konfiguracj\u0119 \u015bwie\u017cego systemu. Instalujemy systemy z rodziny Windows &hellip;<\/p>\n<p class=\"read-more\"> <a class=\"more-link\" href=\"https:\/\/gramont.eu\/serwis-komputerowy\/instalacja-systemow-operacyjnych\/\"> <span class=\"screen-reader-text\">Instalacja system\u00f3w operacyjnych<\/span> Czytaj wi\u0119cej  &raquo;<\/a><\/p>\n","protected":false},"author":1,"featured_media":0,"parent":0,"menu_order":0,"comment_status":"closed","ping_status":"closed","template":"page-gallery-right.php","meta":{"footnotes":""},"yoast_head":"<!-- This site is optimized with the Yoast SEO plugin v22.0 - https:\/\/yoast.com\/wordpress\/plugins\/seo\/ -->\n<title>Instalacja system\u00f3w operacyjnych - Serwis komputerowy - Nowa S\u00f3l<\/title>\n<meta name=\"description\" content=\"Instalacja Windows, niezb\u0119dnych program\u00f3w, konfiguracja komputera zaraz po zakupie, aktualizacje i kopie systemu operacyjnego.\" \/>\n<meta name=\"robots\" content=\"index, follow, max-snippet:-1, max-image-preview:large, max-video-preview:-1\" \/>\n<link rel=\"canonical\" href=\"https:\/\/gramont.eu\/serwis-komputerowy\/instalacja-systemow-operacyjnych\/\" \/>\n<meta name=\"twitter:label1\" content=\"Szacowany czas czytania\" \/>\n\t<meta name=\"twitter:data1\" content=\"1 minuta\" \/>\n<script type=\"application\/ld+json\" class=\"yoast-schema-graph\">{\"@context\":\"https:\/\/schema.org\",\"@graph\":[{\"@type\":\"WebPage\",\"@id\":\"https:\/\/gramont.eu\/serwis-komputerowy\/instalacja-systemow-operacyjnych\/\",\"url\":\"https:\/\/gramont.eu\/serwis-komputerowy\/instalacja-systemow-operacyjnych\/\",\"name\":\"Instalacja system\u00f3w operacyjnych - Serwis komputerowy - Nowa S\u00f3l\",\"isPartOf\":{\"@id\":\"https:\/\/gramont.eu\/serwis-komputerowy\/#website\"},\"datePublished\":\"2012-12-07T17:08:07+00:00\",\"dateModified\":\"2013-01-21T14:41:07+00:00\",\"description\":\"Instalacja Windows, niezb\u0119dnych program\u00f3w, konfiguracja komputera zaraz po zakupie, aktualizacje i kopie systemu operacyjnego.\",\"inLanguage\":\"pl-PL\",\"potentialAction\":[{\"@type\":\"ReadAction\",\"target\":[\"https:\/\/gramont.eu\/serwis-komputerowy\/instalacja-systemow-operacyjnych\/\"]}]},{\"@type\":\"WebSite\",\"@id\":\"https:\/\/gramont.eu\/serwis-komputerowy\/#website\",\"url\":\"https:\/\/gramont.eu\/serwis-komputerowy\/\",\"name\":\"Serwis komputerowy - Nowa S\u00f3l\",\"description\":\"Rozw\u0105zywanie problem\u00f3w z komputerami to nasza specjalno\u015b\u0107. Oferujemy r\u00f3wnie\u017c opiek\u0119 informatyczn\u0105.\",\"publisher\":{\"@id\":\"https:\/\/gramont.eu\/serwis-komputerowy\/#organization\"},\"potentialAction\":[{\"@type\":\"SearchAction\",\"target\":{\"@type\":\"EntryPoint\",\"urlTemplate\":\"https:\/\/gramont.eu\/serwis-komputerowy\/?s={search_term_string}\"},\"query-input\":\"required name=search_term_string\"}],\"inLanguage\":\"pl-PL\"},{\"@type\":\"Organization\",\"@id\":\"https:\/\/gramont.eu\/serwis-komputerowy\/#organization\",\"name\":\"Serwis komputerowy - Nowa S\u00f3l\",\"url\":\"https:\/\/gramont.eu\/serwis-komputerowy\/\",\"logo\":{\"@type\":\"ImageObject\",\"inLanguage\":\"pl-PL\",\"@id\":\"https:\/\/gramont.eu\/serwis-komputerowy\/#\/schema\/logo\/image\/\",\"url\":\"https:\/\/gramont.eu\/serwis-komputerowy\/files\/2012\/12\/czyszczenie-notebook.png\",\"contentUrl\":\"https:\/\/gramont.eu\/serwis-komputerowy\/files\/2012\/12\/czyszczenie-notebook.png\",\"width\":\"128\",\"height\":\"128\",\"caption\":\"Serwis komputerowy - Nowa S\u00f3l\"},\"image\":{\"@id\":\"https:\/\/gramont.eu\/serwis-komputerowy\/#\/schema\/logo\/image\/\"},\"sameAs\":[\"https:\/\/www.youtube.com\/channel\/UC3Nt5XEhdTuCQLFND1-OmxA\"]}]}<\/script>\n<!-- \/ Yoast SEO plugin. -->","yoast_head_json":{"title":"Instalacja system\u00f3w operacyjnych - Serwis komputerowy - Nowa S\u00f3l","description":"Instalacja Windows, niezb\u0119dnych program\u00f3w, konfiguracja komputera zaraz po zakupie, aktualizacje i kopie systemu operacyjnego.","robots":{"index":"index","follow":"follow","max-snippet":"max-snippet:-1","max-image-preview":"max-image-preview:large","max-video-preview":"max-video-preview:-1"},"canonical":"https:\/\/gramont.eu\/serwis-komputerowy\/instalacja-systemow-operacyjnych\/","twitter_misc":{"Szacowany czas czytania":"1 minuta"},"schema":{"@context":"https:\/\/schema.org","@graph":[{"@type":"WebPage","@id":"https:\/\/gramont.eu\/serwis-komputerowy\/instalacja-systemow-operacyjnych\/","url":"https:\/\/gramont.eu\/serwis-komputerowy\/instalacja-systemow-operacyjnych\/","name":"Instalacja system\u00f3w operacyjnych - Serwis komputerowy - Nowa S\u00f3l","isPartOf":{"@id":"https:\/\/gramont.eu\/serwis-komputerowy\/#website"},"datePublished":"2012-12-07T17:08:07+00:00","dateModified":"2013-01-21T14:41:07+00:00","description":"Instalacja Windows, niezb\u0119dnych program\u00f3w, konfiguracja komputera zaraz po zakupie, aktualizacje i kopie systemu operacyjnego.","inLanguage":"pl-PL","potentialAction":[{"@type":"ReadAction","target":["https:\/\/gramont.eu\/serwis-komputerowy\/instalacja-systemow-operacyjnych\/"]}]},{"@type":"WebSite","@id":"https:\/\/gramont.eu\/serwis-komputerowy\/#website","url":"https:\/\/gramont.eu\/serwis-komputerowy\/","name":"Serwis komputerowy - Nowa S\u00f3l","description":"Rozw\u0105zywanie problem\u00f3w z komputerami to nasza specjalno\u015b\u0107. Oferujemy r\u00f3wnie\u017c opiek\u0119 informatyczn\u0105.","publisher":{"@id":"https:\/\/gramont.eu\/serwis-komputerowy\/#organization"},"potentialAction":[{"@type":"SearchAction","target":{"@type":"EntryPoint","urlTemplate":"https:\/\/gramont.eu\/serwis-komputerowy\/?s={search_term_string}"},"query-input":"required name=search_term_string"}],"inLanguage":"pl-PL"},{"@type":"Organization","@id":"https:\/\/gramont.eu\/serwis-komputerowy\/#organization","name":"Serwis komputerowy - Nowa S\u00f3l","url":"https:\/\/gramont.eu\/serwis-komputerowy\/","logo":{"@type":"ImageObject","inLanguage":"pl-PL","@id":"https:\/\/gramont.eu\/serwis-komputerowy\/#\/schema\/logo\/image\/","url":"https:\/\/gramont.eu\/serwis-komputerowy\/files\/2012\/12\/czyszczenie-notebook.png","contentUrl":"https:\/\/gramont.eu\/serwis-komputerowy\/files\/2012\/12\/czyszczenie-notebook.png","width":"128","height":"128","caption":"Serwis komputerowy - Nowa S\u00f3l"},"image":{"@id":"https:\/\/gramont.eu\/serwis-komputerowy\/#\/schema\/logo\/image\/"},"sameAs":["https:\/\/www.youtube.com\/channel\/UC3Nt5XEhdTuCQLFND1-OmxA"]}]}},"_links":{"self":[{"href":"https:\/\/gramont.eu\/serwis-komputerowy\/wp-json\/wp\/v2\/pages\/47"}],"collection":[{"href":"https:\/\/gramont.eu\/serwis-komputerowy\/wp-json\/wp\/v2\/pages"}],"about":[{"href":"https:\/\/gramont.eu\/serwis-komputerowy\/wp-json\/wp\/v2\/types\/page"}],"author":[{"embeddable":true,"href":"https:\/\/gramont.eu\/serwis-komputerowy\/wp-json\/wp\/v2\/users\/1"}],"replies":[{"embeddable":true,"href":"https:\/\/gramont.eu\/serwis-komputerowy\/wp-json\/wp\/v2\/comments?post=47"}],"version-history":[{"count":12,"href":"https:\/\/gramont.eu\/serwis-komputerowy\/wp-json\/wp\/v2\/pages\/47\/revisions"}],"predecessor-version":[{"id":49,"href":"https:\/\/gramont.eu\/serwis-komputerowy\/wp-json\/wp\/v2\/pages\/47\/revisions\/49"}],"wp:attachment":[{"href":"https:\/\/gramont.eu\/serwis-komputerowy\/wp-json\/wp\/v2\/media?parent=47"}],"curies":[{"name":"wp","href":"https:\/\/api.w.org\/{rel}","templated":true}]}}